tors of 101268?
2, 3, 29, 97
List the prime factors of 4357453.
29, 31, 37, 131
List the prime factors of 5181580.
2, 5, 41, 71, 89
What are the prime factors of 32868427?
53, 620159
List the prime factors of 6769.
7, 967
List the prime factors of 24061656.
2, 3, 1002569
What are the prime factors of 18674?
2, 9337
List the prime factors of 7352938.
2, 157, 23417
List the prime factors of 5020499.
11, 456409
List the prime factors of 25465.
5, 11, 463
List the prime factors of 258433.
7, 36919
List the prime factors of 625380.
2, 3, 5, 7, 1489
What are the prime factors of 609666?
2, 3, 101611
What are the prime factors of 38479?
7, 23, 239
List the prime factors of 2795675.
5, 111827
What are the prime factors of 762568?
2, 199, 479
What are the prime factors of 297071?
419, 709
List the prime factors of 17276724.
2, 3, 479909
List the prime factors of 1605487.
13, 123499
List the prime factors of 1836133.
13, 141241
List the prime factors of 4077004.
2, 1019251
What are the prime factors of 14405438?
2, 937, 7687
What are the prime factors of 1131646?
2, 23, 73, 337
What are the prime factors of 477128?
2, 19, 43, 73
What are the prime factors of 4776628?
2, 1194157
List the prime factors of 26882.
2, 13441
What are the prime factors of 1228809?
3, 31, 73, 181
What are the prime factors of 272813?
272813
List the prime factors of 13077031.
11, 43, 27647
What are the prime factors of 967605?
3, 5, 251, 257
List the prime factors of 375647.
375647
List the prime factors of 13913129.
211, 233, 283
List the prime factors of 15085729.
15085729
List the prime factors of 261939.
3, 87313
What are the prime factors of 26547?
3, 8849
What are the prime factors of 1711321?
367, 4663
List the prime factors of 906230.
2, 5, 13, 6971
List the prime factors of 977300.
2, 5, 29, 337
What are the prime factors of 24155?
5, 4831
What are the prime factors of 5516769?
3, 1838923
List the prime factors of 63595.
5, 7, 23, 79
What are the prime factors of 4580106?
2, 3, 17, 83, 541
List the prime factors of 436232.
2, 31, 1759
List the prime factors of 284273.
11, 43, 601
What are the prime factors of 241716?
2, 3, 20143
List the prime factors of 10631054.
2, 7, 41, 18521
List the prime factors of 2431693.
11, 43, 53, 97
What are the prime factors of 154840?
2, 5, 7, 79
List the prime factors of 189210.
2, 3, 5, 7, 17, 53
List the prime factors of 429789.
3, 143263
List the prime factors of 48318.
2, 3, 8053
List the prime factors of 20594406.
2, 3, 7, 10007
List the prime factors of 4410430.
2, 5, 441043
What are the prime factors of 1729321?
11, 157211
What are the prime factors of 35029?
23, 1523
What are the prime factors of 15285096?
2, 3, 212293
What are the prime factors of 985328?
2, 61583
What are the prime factors of 150252?
2, 3, 19, 659
What are the prime factors of 2395910?
2, 5, 11, 23, 947
What are the prime factors of 432138?
2, 3, 7, 10289
What are the prime factors of 127346?
2, 41, 1553
List the prime factors of 495482.
2, 13, 17, 19, 59
List the prime factors of 1218011.
23, 52957
What are the prime factors of 908521?
908521
What are the prime factors of 267395?
5, 53479
What are the prime factors of 907834?
2, 17, 26701
What are the prime factors of 2517527?
113, 22279
What are the prime factors of 732391?
11, 139, 479
What are the prime factors of 4514169?
3, 11, 29, 53, 89
What are the prime factors of 17479982?
2, 13, 29, 97, 239
List the prime factors of 183193.
29, 6317
List the prime factors of 651800.
2, 5, 3259
What are the prime factors of 10211990?
2, 5, 1021199
List the prime factors of 1108138.
2, 59, 9391
List the prime factors of 301771.
523, 577
List the prime factors of 481359.
3, 160453
List the prime factors of 9279601.
9279601
List the prime factors of 391967.
391967
What are the prime factors of 219204?
2, 3, 6089
List the prime factors of 2963155.
5, 13, 45587
List the prime factors of 419299.
229, 1831
What are the prime factors of 1327629?
3, 23, 71, 271
What are the prime factors of 7756766?
2, 313, 12391
List the prime factors of 12846797.
29, 139, 3187
List the prime factors of 3809181.
3, 541, 2347
What are the prime factors of 1944258?
2, 3, 31, 10453
What are the prime factors of 4965595?
5, 383, 2593
List the prime factors of 255601.
233, 1097
List the prime factors of 191273.
19, 10067
List the prime factors of 173356.
2, 19, 2281
List the prime factors of 166286.
2, 29, 47, 61
What are the prime factors of 2186369?
2186369
What are the prime factors of 18513169?
31, 199, 3001
What are the prime factors of 457940?
2, 5, 7, 3271
List the prime factors of 244457.
244457
List the prime factors of 593170.
2, 5, 23, 2579
List the prime factors of 1477618.
2, 67, 11027
List the prime factors of 852631.
13, 65587
What are the prime factors of 217013?
41, 67, 79
What are the prime factors of 3290376?
2, 3, 47, 2917
List the prime factors of 743655.
3, 5, 11, 4507
List the prime factors of 247938.
2, 3, 31, 43
List the prime factors of 2917294.
2, 523, 2789
List the prime factors of 30737.
7, 4391
List the prime factors of 37068036.
2, 3, 179, 17257
List the prime factors of 79880.
2, 5, 1997
List the prime factors of 313849.
313849
What are the prime factors of 167029?
19, 59, 149
What are the prime factors of 1554893?
29, 53617
What are the prime factors of 847137?
3, 31, 9109
What are the prime factors of 372496?
2, 31, 751
List the prime factors of 33441055.
5, 6688211
List the prime factors of 12710377.
12710377
List the prime factors of 6498.
2, 3, 19
List the prime factors of 344083.
344083
List the prime factors of 792653.
41, 19333
List the prime factors of 12420.
2, 3, 5, 23
What are the prime factors of 307722?
2, 3, 51287
List the prime factors of 24709781.
24709781
What are the prime factors of 1025826?
2, 3, 170971
What are the prime factors of 2832513?
3, 601, 1571
List the prime factors of 709739.
709739
What are the prime factors of 212877?
3, 7, 31, 109
What are the prime factors of 4358702?
2, 857, 2543
What are the prime factors of 140738?
2, 13, 5413
What are the prime factors of 102726?
2, 3, 13, 439
What are the prime factors of 9770501?
13, 47, 15991
What are the prime factors of 4124698?
2, 61, 33809
List the prime factors of 15291.
3, 1699
List the prime factors of 19743483.
3, 6581161
What are the prime factors of 1053536?
2, 11, 41, 73
List the prime factors of 13828028.
2, 3457007
List the prime factors of 13722084.
2, 3, 381169
What are the prime factors of 676877?
131, 5167
List the prime factors of 2547453.
3, 41, 139, 149
List the prime factors of 37454133.
3, 71, 101, 1741
What are the prime factors of 1817547?
3, 605849
List the prime factors of 5269519.
229, 23011
List the prime factors of 186550.
2, 5, 7, 13, 41
List the prime factors of 5478714.
2, 3, 304373
What are the prime factors of 129998?
2, 11, 19, 311
List the prime factors of 501894.
2, 3, 27883
What are the prime factors of 170960?
2, 5, 2137
What are the prime factors of 188660?
2, 5, 9433
List the prime factors of 1875556.
2, 468889
List the prime factors of 3548978.
2, 1774489
List the prime factors of 304653.
3, 173, 587
What are the prime factors of 1905465?
3, 5, 127031
List the prime factors of 9754358.
2, 4877179
List the prime factors of 13925999.
97, 143567
What are the prime factors of 489743?
489743
List the prime factors of 5628530.
2, 5, 17, 113, 293
What are the prime factors of 890458?
2, 445229
List the prime factors of 59568.
2, 3, 17, 73
List the prime factors of 8562063.
3, 2854021
What are the prime factors of 1160443?
1160443
List the prime factors of 214126.
2, 11, 9733
List the prime factors of 24814593.
3, 83, 3691
What are the prime factors of 9238345?
5, 37, 49937
List the prime factors of 407117.
443, 919
List the prime factors of 7295979.
3, 193, 12601
List the prime factors of 85714.
2, 17, 2521
What are the prime factors of 112212?
2, 3, 1039
What are the prime factors of 299762?
2, 71, 2111
List the prime factors of 5098770.
2, 3, 5, 181, 313
What are the prime factors of 23193491?
17, 1364323
List the prime factors of 8913172.
2, 89, 25037
What are the prime factors of 1658144?
2, 51817
List the prime factors of 208746.
2, 3, 11597
What are the prime factors of 16943101?
7, 17, 173, 